NOAA-Style Climate Reports


Report for 2017 August
                   Monthly Climatological Summary for Aug 2017

Name: CarsonWeather.com   City: Carson City   State: NV
Elevation: 4620 ft  Lat: N 39° 09' 27"   Lon: W 119° 43' 04"

                  Temperature (°F), Rain (in), Wind Speed (mph)

                                      Heat  Cool        Avg
    Mean                              Deg   Deg         Wind                 Dom
Day Temp  High   Time   Low    Time   Days  Days  Rain  Speed High   Time    Dir
----------------------------------------------------------------------------------
 1  79.0 101.6   14:02  55.3   06:31   1.3  15.3  0.00   2.3  22.0   16:46     W
 2  79.4 101.9   13:45  58.6   05:18   0.8  15.2  0.00   3.2  27.0   15:31   WSW
 3  79.3 101.7   15:11  57.9   05:56   0.7  15.0  0.00   3.9  25.0   16:36     W
 4  80.5  94.8   15:40  68.5   04:47   0.0  15.5  0.00   4.3  19.0   17:07   WSW
 5  72.8  89.4   12:43  58.4   23:59   0.7   8.5  0.07   4.2  35.0   18:42   WSW
 6  65.8  81.8   13:39  51.4   06:11   3.7   4.5  0.02   3.6  25.0   14:54   WSW
 7  69.7  88.4   14:40  51.1   06:01   3.4   8.1  0.00   2.9  19.0   19:33   WNW
 8  72.3  91.6   15:04  51.3   06:16   2.6   9.9  0.00   3.3  16.0   16:28   WNW
 9  72.5  92.0   16:13  56.5   06:02   1.2   8.7  0.00   2.8  29.0   16:36    NE
10  72.3  90.7   15:47  52.4   06:29   2.3   9.6  0.00   2.8  19.0   18:10    NW
11  72.7  90.0   14:55  53.0   06:30   1.9   9.6  0.00   3.2  22.0   15:00     W
12  70.8  90.0   14:40  48.5   06:26   3.3   9.1  0.00   3.8  23.0   15:00     W
13  70.8  89.7   13:24  47.7   06:33   3.4   9.2  0.00   5.1  27.0   16:18     W
14  69.5  85.4   14:52  55.4   06:24   2.0   6.4  0.00   2.6  19.0   15:22     W
15  70.5  89.9   16:22  51.7   05:21   3.2   8.7  0.00   2.7  20.0   19:13   WNW
16  73.4  92.0   15:12  57.9   06:17   1.0   9.4  0.00   3.7  22.0   17:34   SSW
17  72.6  92.5   14:50  51.1   06:13   2.9  10.5  0.00   1.6  12.0   14:50     W
18  74.7  94.2   13:33  52.7   06:26   2.5  12.2  0.00   2.8  21.0   16:47    SW
19  71.1  95.7   13:46  54.1   06:25   2.0   8.1  0.00   3.4  40.0   15:26   SSW
20  73.6  92.9   15:24  54.9   06:31   1.4  10.1  0.00   2.7  20.0   19:44     N
----------------------------------------------------------------------------------
    73.2 101.9     2    47.7    13    40.3 203.6  0.09   3.2  40.0    19       W

Max >=  80.0: 20
Max <=  32.0:  0
Min <=  32.0:  0
Min <=   0.0:  0
Max Rain: 0.07 on day 5
Days of Rain: 2 (>= 0.01 in)  0 (>= 0.10 in)  0 (>= 1.00 in)
Heat Base: 65.0  Cool Base: 65.0  Method: Integration