NOAA-Style Climate Reports


Report for 2017 December
                   Monthly Climatological Summary for Dec 2017

Name: CarsonWeather.com   City: Carson City   State: NV
Elevation: 4620 ft  Lat: N 39° 09' 27"   Lon: W 119° 43' 04"

                  Temperature (°F), Rain (in), Wind Speed (mph)

                                      Heat  Cool        Avg
    Mean                              Deg   Deg         Wind                 Dom
Day Temp  High   Time   Low    Time   Days  Days  Rain  Speed High   Time    Dir
----------------------------------------------------------------------------------
 1  35.7  56.9   14:39  23.6   06:39  29.3   0.0  0.00   1.2   8.0   15:27   NNE
 2  41.0  61.3   13:46  22.5   06:22  24.2   0.0  0.01   9.0  35.0   23:54    SW
 3  36.3  50.0   00:00  21.2   23:53  28.2   0.0  0.15   9.3  40.0   00:18     W
 4  24.6  36.6   13:06  15.2   07:07  40.4   0.0  0.00   2.8  18.0   11:33    NE
 5  24.8  39.6   14:14  13.2   06:59  40.2   0.0  0.00   2.2  16.0   10:59     E
 6  25.8  42.4   13:59  13.6   07:15  39.3   0.0  0.01   2.2  16.0   14:24   ENE
 7  25.8  44.2   13:22  12.7   06:28  39.2   0.0  0.00   2.1  14.0   13:38   NNE
 8  27.0  47.1   14:18  14.0   07:33  38.0   0.0  0.00   1.8  12.0   14:08   NNE
 9  26.6  45.6   12:50  12.6   07:24  38.4   0.0  0.00   1.6  14.0   12:05   NNE
10  25.6  45.9   14:02  11.9   07:07  39.4   0.0  0.00   1.4  12.0   15:00    NE
----------------------------------------------------------------------------------
    29.3  61.3     2    11.9    10   356.6   0.0  0.17   5.9  40.0     3     WNW

Max >=  80.0:  0
Max <=  32.0:  0
Min <=  32.0: 10
Min <=   0.0:  0
Max Rain: 0.15 on day 3
Days of Rain: 3 (>= 0.01 in)  1 (>= 0.10 in)  0 (>= 1.00 in)
Heat Base: 65.0  Cool Base: 65.0  Method: Integration